w(-1).
12
Let x be 6 + 12/(5 + -1). Suppose 4*k + 1065 = x*k. Suppose k = -3*v + 6*v. Calculate the remainder when v is divided by 24.
23
Suppose h = -8 + 6, g = 5*h + 21. Suppose 75 = 3*f + 2*f. Calculate the remainder when f is divided by g.
4
Suppose -28*a + 77 = -17*a. Let z(m) be the first derivative of m**4/4 - 3*m**3 + 7*m**2 + 8*m + 1. Calculate the remainder when 21 is divided by z(a).
5
Let z = -764 + 817. Calculate the remainder when z is divided by 28.
25
What is the remainder when 49 is divided by ((0 - -1) + 13)*63/42?
7
Let v be 2 - (-3*7 - 4). Suppose v = f - 2*r, r = 4*f - 41 - 39. Calculate the remainder when 54 is divided by f.
16
Let z be (-2)/(2/(-8) - 45/(-164)). Calculate the remainder when 65 is divided by (-2 - z)/4 + (4 - 2).
21
Let k be (80/(-2))/5 - 8/(-2). What is the remainder when -159*3*k/36 - -4 is divided by 20?
17
Let o(m) = 2*m**2 - 2*m - 73. What is the remainder when o(7) is divided by 8?
3
Let l(v) = -38*v + 30. What is the remainder when l(-4) is divided by 61?
60
Let z(q) be the third derivative of 11*q**5/60 - q**3/3 + q**2. Let o(w) = 3*w**2 - 23. Calculate the remainder when z(3) is divided by o(-4).
22
Calculate the remainder when 3573 is divided by 4/(-1) - 44/(-4) - -5.
9
Let k(l) = l**3 - 3*l**2 + 13*l - 87. Calculate the remainder when 305 is divided by k(5).
25
Calculate the remainder when 22 is divided by (-106)/(-8) - (-81)/108.
8
Suppose -20 = -5*f + 5*d, -1 - 15 = f + 4*d. Suppose -l = 2*c + l - 58, -c + 5*l + 35 = f. Calculate the remainder when 89 is divided by c.
29
Suppose 0 = -18*i + 48 + 150. What is the remainder when 85 is divided by i?
8
Let m = -29 - -116. Suppose a = -2*a + m. Let q = -196 + 309. Calculate the remainder when q is divided by a.
26
Suppose -6*a - 66*a = -2736. Calculate the remainder when 98 is divided by a.
22
Let d = 840 - 777. What is the remainder when 248 is divided by d?
59
Suppose 2*s = -3*p - 8, 0 = -0*s - 4*s - 16. Suppose i - 7 - 10 = p. Suppose -2*n + 36 = 16. What is the remainder when i is divided by n?
7
Let j = -40 - -38. What is the remainder when (6/4)/(j - (-65)/30) is divided by 7?
2
Suppose 3*w - 14 = j, -1 = -2*w - 3*j + 1. Suppose 0 + w = s. Calculate the remainder when 18 is divided by s.
2
Suppose 17*q + 47*q - 768 = 0. Let m = -2 + 4. Suppose -46 = -m*y + 44. Calculate the remainder when y is divided by q.
9
Let p(u) = u - 1. Let t be p(5). Suppose 2 = 5*z - t*z. Suppose 5*m - 4 + 22 = j, -2*m = z*j - 36. Calculate the remainder when 35 is divided by j.
17
Let g be (-200)/(-72) - 4/(-18). Suppose d = g*d + 130. Let z = 98 + d. What is the remainder when 96 is divided by z?
30
Suppose 528*s = 531*s - 150. Calculate the remainder when 147 is divided by s.
47
Suppose 2*n - 24 = -5*v, -13*n + 6 = -v - 17*n. Let o(c) = c**2 - 2*c - 1. Calculate the remainder when o(-5) is divided by v.
4
Let y = -72 - -72. Suppose 0 = -y*c - 4*c + 4*s + 300, 5*s = -4*c + 273. What is the remainder when c is divided by 25?
22
Let k = 13 + -8. Suppose k*v + 30 = -15. Let s = v - -34. Calculate the remainder when s is divided by 14.
11
Let d(w) = -w + 1. Suppose -18 = a + 5*l, -l + 23 = -2*a + 2*l. Let n = 6 + a. Calculate the remainder when d(n) is divided by 3.
2
Suppose 0 = 3*h, -4*p - 2*h = p - 190. Let d = 48 - p. Calculate the remainder when d is divided by 2.
0
Let f = 34 - 58. Let g = f + 31. Calculate the remainder when g is divided by 3.
1
Let z(y) = -27*y - 3. Let g(i) = i**2 - 8*i + 2. Let s be g(8). Suppose 7*o = s*o - 10. What is the remainder when z(o) is divided by 13?
12
Let k(i) be the third derivative of i**6/60 - i**5/60 + i**3/2 - 22*i**2. What is the remainder when 5 is divided by k(0)?
2
Suppose 3*p = 3*r, p - r = -2*r. Suppose h - 4*m = 99, 4*m - 5*m + 4 = p. Calculate the remainder when h is divided by 30.
25
Let n = -205 - -200. Suppose -2*r + 6*r - 8 = 0. Calculate the remainder when (-10)/n + (-2)/(-6)*9 is divided by r.
1
Suppose 62*n - 55*n - 1162 = 0. Calculate the remainder when n is divided by 23.
5
Let v(y) = -y**3 + 8*y + 5. Let b be v(-7). Suppose 0 = -4*h - 0*x - 3*x + 239, 0 = 5*h - 3*x - b. Calculate the remainder when h is divided by 20.
19
Suppose -4*f + 45 = 9. Let q be -2*7*(3 + -4). Let c = q + -2. What is the remainder when c is divided by f?
3
Let z = 15 - 1. Let a(o) = 21*o**2 + o. What is the remainder when a(-2) is divided by z?
12
Let i(o) be the second derivative of o**4/12 - 5*o**3/6 - 9*o**2/2 - 7*o. Calculate the remainder when i(7) is divided by 5.
0
Let p = -113 - -269. What is the remainder when p is divided by 20?
16
Let g(c) = 16*c + 4. Let z be g(-1). What is the remainder when 27 is divided by z/4*1 - -13?
7
Let t(d) = -d**2 - 7*d - 4. Suppose -2*w + 7*w = -40. Let b be t(w). Let c = b + 39. What is the remainder when c is divided by 14?
13
Let n = -399 + 756. What is the remainder when n is divided by 40?
37
Let d(y) = -y**2 + 33*y + 154. What is the remainder when d(36) is divided by 17?
12
Let l(j) = -28*j - 41. What is the remainder when 393 is divided by l(-5)?
96
Suppose 5*o - 42 = -4*v + 158, 0 = -2*o + 5*v + 47. Calculate the remainder when 286 is divided by o.
34
Calculate the remainder when (-1)/(-5 + 6) - -701 is divided by 78.
76
Let u = -13 + 45. Let h = -14 + u. Let g(j) = j**3 + j + 10. Calculate the remainder when h is divided by g(0).
8
Let r(t) = 4*t**2 - t - 2. What is the remainder when r(5) is divided by (2/8)/((-24)/(-1536))?
13
Suppose -2*z + 8 = -0*z. Suppose 0 = -5*p - d + 3*d + 75, 105 = 5*p + z*d. What is the remainder when 28 is divided by p?
11
Calculate the remainder when ((-66)/(-4))/(36/96) is divided by 11.
0
Suppose -3*z + 12 = f, 3*z + 12 = 7*z. Suppose 0*q + 3*q - 8 = y, 2*y + 4 = f*q. What is the remainder when 45 is divided by q?
1
Let o be 4 - (4 + -4 - 15). Let q be 83/6 + o/114. Suppose 2*y - 22 = -2*r, -2*y + 5*r = -q - 1. What is the remainder when 18 is divided by y?
8
Suppose -5*f + 27 + 68 = 0. Calculate the remainder when f is divided by 12.
7
Let p = -294 - -360. Calculate the remainder when 72 is divided by p.
6
Suppose 3*k + 4*q + 34 = 180, 0 = -4*k - 3*q + 197. Suppose -2*t + 26 = 2*x, 2*t - 5*x + 0*x - 26 = 0. Calculate the remainder when k is divided by t.
11
Suppose 2*x + 58 = 4*k, 184 = -4*x - x - 3*k. Let n = -31 - x. Suppose 5*z - 28 = -n*l + z, 3*l = 2*z + 6. What is the remainder when l is divided by 4?
0
Suppose 0 = -3*n + 6*n. Suppose n = -4*q - 3*q + 266. What is the remainder when q is divided by 15?
8
Let x = 89 - 84. Suppose -d - 104 = -x*d. Calculate the remainder when 48 is divided by d.
22
Let v = -49 - -41. Calculate the remainder when 105 is divided by 80/(-15)*54/v.
33
Suppose -2*y + 57 = y. Let u = 25 + 11. What is the remainder when u is divided by y?
17
What is the remainder when (390/(-25))/(6/(-255)) is divided by 83?
82
Let w = 16 - 5. Let u be -28*(-2 + -2 + 2). Let n = -24 + u. What is the remainder when n is divided by w?
10
Suppose 39 = 2*h - 27. Let a = -45 + 113. Suppose v = -3*v + a. What is the remainder when h is divided by v?
16
Suppose 5*g - g + 28 = 0. Calculate the remainder when (g/(-2))/((-1)/(-6)) is divided by ((-12)/6 - 0)*-4.
5
Let c be (-1 + 1)*(-3)/(-6). What is the remainder when 5/3*15 + 0 + c is divided by 7?
4
What is the remainder when 2205/(-10)*38/(-57) is divided by 15?
12
Let f(l) = l**3 - 2*l**2 + 3*l - 2. Let c be f(4). Suppose -4*x + 3*r + 39 = 0, 0*x + 3*x + 2*r - c = 0. Calculate the remainder when x is divided by 7.
5
Let y = -229 - -593. Suppose -a - a + 4*r + 340 = 0, -2*a - 2*r = -y. Calculate the remainder when a is divided by 36.
34
Let m = -449 + 503. What is the remainder when 208 is divided by m?
46
Suppose 0 = -j + 5*j - 44. Calculate the remainder when j is divided by ((-24)/40)/(2/(-10)).
2
Calculate the remainder when (-3545)/(-5) - -6 - 2 is divided by 21.
20
Suppose -4*b = -6*b. Suppose b*r = 5*r - 50. Suppose -n + 2*n - h - 31 = 0, 0 = -2*h - 8. What is the remainder when n is divided by r?
7
Suppose -u = -4*f + 27, 2*f - 18*u = -16*u + 18. Calculate the remainder when 63 is divided by f.
3
Let g = 21 + 50. Calculate the remainder when g is divided by (-1)/((-51)/912) - (-8)/68.
17
Suppose -4*i = 4*x - 108, 3*i - 6*i = 5*x - 145. Suppose 12*n - x = 8*n. Calculate the remaind